, 7, 17
What are the prime factors of 12991?
11, 1181
What are the prime factors of 219?
3, 73
List the prime factors of 52910.
2, 5, 11, 13, 37
What are the prime factors of 859?
859
What are the prime factors of 3531?
3, 11, 107
List the prime factors of 154420.
2, 5, 7, 1103
What are the prime factors of 15861?
3, 17, 311
List the prime factors of 42723.
3, 47, 101
List the prime factors of 3938.
2, 11, 179
What are the prime factors of 20917?
13, 1609
List the prime factors of 21383.
21383
What are the prime factors of 898?
2, 449
List the prime factors of 4285.
5, 857
List the prime factors of 60.
2, 3, 5
List the prime factors of 5635.
5, 7, 23
List the prime factors of 16874.
2, 11, 13, 59
What are the prime factors of 2077?
31, 67
What are the prime factors of 1524?
2, 3, 127
List the prime factors of 653.
653
List the prime factors of 3127.
53, 59
List the prime factors of 9694.
2, 37, 131
List the prime factors of 308.
2, 7, 11
List the prime factors of 21827.
13, 23, 73
List the prime factors of 1464.
2, 3, 61
List the prime factors of 4085.
5, 19, 43
List the prime factors of 1035.
3, 5, 23
What are the prime factors of 1193?
1193
List the prime factors of 10697.
19, 563
What are the prime factors of 2068?
2, 11, 47
What are the prime factors of 71287?
71287
What are the prime factors of 1543?
1543
List the prime factors of 24007.
24007
List the prime factors of 3184.
2, 199
List the prime factors of 38.
2, 19
List the prime factors of 1520.
2, 5, 19
What are the prime factors of 5519?
5519
What are the prime factors of 25093?
23, 1091
What are the prime factors of 49838?
2, 24919
List the prime factors of 22621.
22621
What are the prime factors of 1805?
5, 19
What are the prime factors of 107389?
17, 6317
List the prime factors of 4165.
5, 7, 17
List the prime factors of 5624.
2, 19, 37
List the prime factors of 133.
7, 19
List the prime factors of 5005.
5, 7, 11, 13
What are the prime factors of 1049?
1049
List the prime factors of 1196.
2, 13, 23
List the prime factors of 15615.
3, 5, 347
What are the prime factors of 24991?
67, 373
List the prime factors of 69883.
11, 6353
List the prime factors of 9296.
2, 7, 83
List the prime factors of 663.
3, 13, 17
What are the prime factors of 16304?
2, 1019
List the prime factors of 3291.
3, 1097
What are the prime factors of 17386?
2, 8693
What are the prime factors of 5999?
7, 857
What are the prime factors of 16602?
2, 3, 2767
What are the prime factors of 984?
2, 3, 41
List the prime factors of 7825.
5, 313
List the prime factors of 74841.
3, 13, 19, 101
List the prime factors of 582.
2, 3, 97
List the prime factors of 6492.
2, 3, 541
List the prime factors of 31120.
2, 5, 389
What are the prime factors of 28195?
5, 5639
List the prime factors of 20045.
5, 19, 211
List the prime factors of 4169.
11, 379
List the prime factors of 6337.
6337
List the prime factors of 114313.
79, 1447
List the prime factors of 713.
23, 31
List the prime factors of 12068.
2, 7, 431
What are the prime factors of 169?
13
What are the prime factors of 91303?
91303
What are the prime factors of 1405?
5, 281
List the prime factors of 6804.
2, 3, 7
List the prime factors of 1695.
3, 5, 113
List the prime factors of 2982.
2, 3, 7, 71
List the prime factors of 11998.
2, 7, 857
What are the prime factors of 16114?
2, 7, 1151
List the prime factors of 174396.
2, 3, 14533
What are the prime factors of 332?
2, 83
List the prime factors of 23803.
13, 1831
What are the prime factors of 190003?
11, 23, 751
What are the prime factors of 42049?
7, 6007
What are the prime factors of 6012?
2, 3, 167
What are the prime factors of 2627?
37, 71
List the prime factors of 455.
5, 7, 13
What are the prime factors of 670?
2, 5, 67
What are the prime factors of 780?
2, 3, 5, 13
What are the prime factors of 973?
7, 139
What are the prime factors of 4353?
3, 1451
List the prime factors of 2687.
2687
List the prime factors of 2675.
5, 107
What are the prime factors of 41620?
2, 5, 2081
List the prime factors of 970.
2, 5, 97
List the prime factors of 1118.
2, 13, 43
List the prime factors of 1470.
2, 3, 5, 7
List the prime factors of 8255.
5, 13, 127
List the prime factors of 325.
5, 13
What are the prime factors of 210?
2, 3, 5, 7
What are the prime factors of 12480?
2, 3, 5, 13
List the prime factors of 917.
7, 131
List the prime factors of 29415.
3, 5, 37, 53
List the prime factors of 1929.
3, 643
List the prime factors of 231.
3, 7, 11
What are the prime factors of 56732?
2, 13, 1091
List the prime factors of 5569.
5569
List the prime factors of 1151.
1151
List the prime factors of 30806.
2, 73, 211
What are the prime factors of 92?
2, 23
What are the prime factors of 5686?
2, 2843
What are the prime factors of 136016?
2, 8501
What are the prime factors of 1666?
2, 7, 17
What are the prime factors of 7965?
3, 5, 59
What are the prime factors of 4763?
11, 433
What are the prime factors of 4423?
4423
What are the prime factors of 14046?
2, 3, 2341
List the prime factors of 338.
2, 13
List the prime factors of 4856.
2, 607
List the prime factors of 51527.
7, 17, 433
List the prime factors of 221.
13, 17
What are the prime factors of 127830?
2, 3, 5, 4261
List the prime factors of 47.
47
What are the prime factors of 31837?
13, 31, 79
List the prime factors of 138.
2, 3, 23
List the prime factors of 16442.
2, 8221
What are the prime factors of 361?
19
List the prime factors of 52435.
5, 10487
What are the prime factors of 25726?
2, 19, 677
What are the prime factors of 941?
941
List the prime factors of 10315.
5, 2063
List the prime factors of 9976.
2, 29, 43
List the prime factors of 1877.
1877
List the prime factors of 33657.
3, 13, 863
List the prime factors of 63840.
2, 3, 5, 7, 19
List the prime factors of 19934.
2, 9967
List the prime factors of 12066.
2, 3, 2011
List the prime factors of 121.
11
What are the prime factors of 6678?
2, 3, 7, 53
List the prime factors of 79212.
2, 3, 7, 23, 41
List the prime factors of 1201.
1201
List the prime factors of 1535.
5, 307
List the prime factors of 35173.
17, 2069
List the prime factors of 28126.
2, 7, 41
List the prime factors of 4077.
3, 151
What are the prime factors of 53493?
3, 11, 1621
List the prime factors of 1863.
3, 23
What are the prime factors of 5881?
5881
List the prime factors of 1048.
2, 131
List the prime factors of 1130.
2, 5, 113
What are the prime factors of 33187?
7, 11, 431
List the prime factors of 80805.
3, 5, 5387
List the prime factors of 100986.
2, 3, 16831
List the prime factors of 68.
2, 17
What are the prime factors of 6629?
7, 947
What are the prime factors of 14674?
2, 11, 23, 29
List the prime factors of 9271.
73, 127
List the prime factors of 516.
2, 3, 43
What are the prime factors of 7873?
7873
List the prime factors of 35117.
35117
List the prime factors of 195439.
67, 2917
What are the prime factors of 1026?
2, 3, 19
What are the prime factors of 14336?
2, 7
What are the prime factors of 4035?
3, 5, 269
List the prime factors of 6624.
2, 3, 23
List the prime factors of 19590.
2, 3, 5, 653
List the prime factors of 236.
2, 59
List the prime factors of 726.
2, 3, 11
What are the prime factors of 3681?
3, 409
List the prime factors of 43450.
2, 5, 11, 79
What are the prime factors of 21203?
7, 13, 233
What are the prime factors of 24241?
7, 3463
List the prime factors of 695.
5, 139
What are the prime factors of 18133?
18133
List the prime factors of 3398.
2, 1699
List the prime factors of 39751.
127, 313
List the prime factors of 4304.
2, 269
What are the prime factors of 613?
613
What are the prime factors of 7844?
2, 37, 53
What are the prime factors of 6310?
2, 5, 631
What are the prime factors of 7173?
3, 797
What are the prime factors of 3814?
2, 1907
What are the prime factors of 102072?
2, 3, 4253
What are the prime factors of 84?
2, 3, 7
What are the prime factors of 132379?
13, 17, 599
What are the prime factors of 719?
719
What are the prime factors of 21965?
5, 23, 191
List the prime factors of 79945.
5, 59, 271
What are the prime factors of 4411?
11, 401
What are the prime factors of 54972?
2, 3, 509
What are the prime factors of 11?
11
What are the prime factors of 7910?
2, 5, 7, 113
List the prime factors of 1181.
1181
List the p